200 and 165800?
200
What is the highest common factor of 119554 and 156127128?
5198
Calculate the greatest common factor of 7609348 and 826.
118
Calculate the highest common divisor of 323675 and 3306325.
3025
Calculate the greatest common factor of 9703317 and 3835.
767
Calculate the highest common divisor of 46 and 18592694.
46
Calculate the greatest common factor of 404 and 145238.
202
Calculate the greatest common factor of 4505552 and 231816.
5944
What is the greatest common factor of 700 and 18423500?
100
What is the greatest common factor of 4730848 and 6479?
589
What is the highest common factor of 12205549 and 7743?
2581
What is the highest common divisor of 2967 and 503401?
989
What is the greatest common divisor of 82051996 and 3232?
404
What is the greatest common divisor of 543 and 140722613?
181
What is the highest common factor of 153561810 and 13530?
1230
What is the greatest common factor of 7956 and 4067284?
884
What is the highest common divisor of 3499800 and 25080?
2280
Calculate the highest common divisor of 4590 and 86669298.
918
What is the highest common divisor of 103308788 and 44?
44
Calculate the greatest common divisor of 1265388 and 12.
12
What is the highest common divisor of 7296 and 6489564?
228
Calculate the greatest common divisor of 1872 and 251.
1
Calculate the greatest common divisor of 27797478 and 92.
46
Calculate the highest common factor of 391663 and 33643.
17
Calculate the greatest common divisor of 43169568 and 819.
39
Calculate the greatest common divisor of 92703474 and 226274.
9838
Calculate the highest common divisor of 443303487 and 66.
33
Calculate the greatest common divisor of 485 and 4806156.
97
Calculate the greatest common divisor of 2240 and 92415680.
2240
Calculate the greatest common divisor of 423040 and 3360.
160
Calculate the greatest common factor of 15620 and 126940.
220
Calculate the greatest common divisor of 4929632 and 1696.
32
Calculate the greatest common factor of 204627 and 6144.
3
What is the greatest common divisor of 65 and 274687790?
65
Calculate the greatest common factor of 588 and 3810756.
12
What is the highest common factor of 515 and 432382155?
515
What is the greatest common divisor of 63443824 and 3144?
1048
What is the highest common divisor of 276 and 53958?
138
Calculate the greatest common factor of 121756 and 33062.
122
What is the highest common factor of 52301348 and 44?
44
Calculate the greatest common divisor of 636834 and 19074.
66
Calculate the highest common divisor of 3325 and 19060370.
35
What is the highest common divisor of 273 and 36932?
7
Calculate the greatest common divisor of 88888940 and 588.
196
Calculate the highest common divisor of 768 and 7599168.
192
Calculate the highest common divisor of 17130 and 209060.
10
What is the greatest common divisor of 2974360 and 15860?
1220
Calculate the greatest common divisor of 57 and 56410468.
19
Calculate the greatest common divisor of 240558611 and 1831.
1831
What is the greatest common divisor of 468 and 24456456?
36
Calculate the highest common divisor of 48 and 33551412.
12
What is the highest common factor of 111 and 95317143?
111
What is the highest common factor of 574897902 and 6712?
1678
Calculate the greatest common factor of 198400 and 1441376.
992
Calculate the greatest common divisor of 8488 and 220571290.
2122
What is the highest common divisor of 232 and 100745971?
29
What is the greatest common divisor of 255 and 191074305?
255
What is the highest common divisor of 104136966 and 8118?
738
Calculate the greatest common factor of 1075 and 366104150.
1075
Calculate the greatest common divisor of 405 and 27821313.
81
What is the highest common divisor of 28112 and 6934879?
1757
What is the highest common divisor of 15639526 and 4263?
1421
Calculate the greatest common factor of 17175348 and 84.
12
Calculate the greatest common factor of 63 and 83688129.
63
Calculate the highest common divisor of 4513008 and 46092.
2004
What is the greatest common factor of 277422520 and 120?
40
Calculate the highest common divisor of 1239 and 9007884.
177
What is the greatest common divisor of 259 and 26929599?
37
What is the highest common factor of 966786832 and 88?
88
What is the greatest common divisor of 440 and 19427584?
88
What is the greatest common factor of 1224 and 189668592?
1224
What is the highest common factor of 995638008 and 24?
24
Calculate the greatest common factor of 14985481 and 2109.
37
Calculate the greatest common factor of 1087983 and 6851.
221
What is the highest common factor of 940 and 60551510?
470
Calculate the highest common divisor of 1258784 and 2401920.
4448
Calculate the highest common factor of 11236 and 48948680.
212
What is the greatest common factor of 49 and 34867049?
7
What is the greatest common factor of 30972270 and 70?
70
What is the highest common factor of 60 and 63315285?
15
Calculate the greatest common divisor of 1443 and 67716993.
111
Calculate the highest common divisor of 33660 and 3664248.
204
What is the greatest common factor of 8037042 and 211014?
3702
Calculate the greatest common factor of 51982 and 358400.
14
What is the greatest common divisor of 10215052 and 9872?
2468
What is the greatest common divisor of 1260776 and 1100?
44
Calculate the greatest common factor of 44255 and 583.
53
What is the highest common factor of 4752 and 112134?
66
What is the highest common divisor of 5562 and 146583420?
618
Calculate the greatest common factor of 89 and 8862709.
89
Calculate the greatest common divisor of 1033 and 56923.
1
What is the highest common divisor of 1981 and 7651?
7
Calculate the highest common divisor of 935 and 33869.
11
Calculate the highest common factor of 19 and 961172.
19
What is the highest common factor of 1995 and 78721545?
105
What is the greatest common divisor of 1284671 and 11687?
899
What is the greatest common divisor of 234 and 4246002?
18
Calculate the highest common divisor of 291 and 187530197.
97
Calculate the highest common divisor of 35420 and 9647.
11
What is the highest common factor of 1451670 and 4488?
66
What is the highest common factor of 26874994 and 437?
23
What is the highest common factor of 2891648 and 4976?
16
Calculate the greatest common factor of 17581764 and 3921.
3921
Calculate the greatest common divisor of 157148 and 1326.
34
Calculate the highest common divisor of 2680136 and 992.
248
Calculate the greatest common factor of 10171525 and 101725.
325
What is the highest common divisor of 524 and 8284702?
262
What is the greatest common factor of 7350 and 7357938?
294
What is the highest common divisor of 12110 and 17248965?
865
Calculate the highest common factor of 558945 and 50835.
15
Calculate the greatest common factor of 496 and 1524132112.
496
What is the greatest common factor of 16 and 624452960?
16
Calculate the highest common divisor of 616416 and 1760.
32
Calculate the greatest common divisor of 2088 and 29748258.
522
What is the highest common factor of 1040225 and 4525?
25
What is the highest common divisor of 24 and 27662?
2
What is the highest common factor of 2914 and 27699262?
94
What is the greatest common factor of 57190 and 124012?
602
Calculate the greatest common divisor of 14274 and 398658.
78
Calculate the greatest common divisor of 22358 and 235426546.
3194
What is the highest common factor of 10619 and 855137?
41
Calculate the greatest common factor of 138 and 888.
6
What is the greatest common factor of 1576764 and 1260?
252
What is the highest common factor of 436 and 234440797?
109
What is the greatest common divisor of 233197545 and 7790?
3895
Calculate the highest common factor of 447005 and 73255.
1495
What is the greatest common factor of 3138 and 107556?
6
What is the greatest common factor of 19208042 and 2334?
778
What is the highest common divisor of 225 and 330300?
225
What is the greatest common divisor of 490158410 and 7042?
7042
Calculate the greatest common divisor of 321762 and 12923778.
1974
What is the highest common divisor of 16 and 4816052?
4
What is the highest common divisor of 851489 and 1400827?
151
What is the greatest common factor of 70653632 and 224?
224
What is the highest common factor of 357162044 and 22236?
7412
What is the highes